se 6?
10
What is 6 (base 11) in base 14?
6
-21 (base 11) to base 7
-32
What is 2 (base 14) in base 12?
2
Convert -111 (base 6) to base 10.
-43
2 (base 10) to base 13
2
What is -52 (base 9) in base 15?
-32
Convert 4 (base 12) to base 2.
100
What is -5 (base 9) in base 8?
-5
What is 0 (base 10) in base 4?
0
Convert 3d (base 15) to base 6.
134
What is 34 (base 15) in base 8?
61
What is -120 (base 5) in base 11?
-32
Convert -100010 (base 2) to base 15.
-24
4 (base 10) to base 4
10
Convert 4 (base 6) to base 5.
4
95 (base 14) to base 7
245
What is -2 (base 15) in base 12?
-2
What is 22 (base 4) in base 15?
a
15 (base 6) to base 2
1011
12 (base 4) to base 9
6
What is -3 (base 7) in base 4?
-3
12 (base 8) to base 6
14
What is 6 (base 14) in base 9?
6
What is 3 (base 9) in base 11?
3
What is 300 (base 7) in base 6?
403
123 (base 13) to base 14
102
What is 1 (base 14) in base 7?
1
Convert 4 (base 12) to base 13.
4
1 (base 6) to base 10
1
What is 5 (base 13) in base 12?
5
22 (base 5) to base 2
1100
Convert 160 (base 13) to base 8.
367
What is 27 (base 13) in base 3?
1020
What is -10 (base 8) in base 4?
-20
-113 (base 5) to base 8
-41
-20 (base 3) to base 5
-11
Convert 1 (base 4) to base 15.
1
-131 (base 8) to base 3
-10022
-2 (base 3) to base 7
-2
Convert -1 (base 7) to base 5.
-1
Convert -111 (base 2) to base 6.
-11
-15 (base 11) to base 6
-24
What is -31 (base 6) in base 14?
-15
Convert 11 (base 2) to base 9.
3
Convert 0 (base 5) to base 6.
0
1 (base 3) to base 10
1
4 (base 5) to base 13
4
What is 120 (base 3) in base 8?
17
122 (base 5) to base 11
34
What is -9 (base 14) in base 4?
-21
What is 31 (base 5) in base 2?
10000
What is 3 (base 7) in base 11?
3
What is -122 (base 3) in base 14?
-13
Convert -17 (base 10) to base 7.
-23
What is 58 (base 12) in base 15?
48
1 (base 6) to base 15
1
Convert 109 (base 13) to base 8.
262
What is -32 (base 8) in base 13?
-20
-5 (base 14) to base 11
-5
Convert 131 (base 4) to base 13.
23
Convert 24 (base 15) to base 6.
54
What is -81 (base 14) in base 12?
-95
Convert -330 (base 4) to base 14.
-44
5d (base 16) to base 4
1131
-13 (base 7) to base 4
-22
Convert -128 (base 11) to base 7.
-304
75 (base 8) to base 16
3d
What is -2c (base 13) in base 3?
-1102
What is -2 (base 12) in base 10?
-2
What is 0 (base 4) in base 2?
0
1113 (base 4) to base 11
7a
What is 3 (base 15) in base 8?
3
4 (base 5) to base 10
4
What is -24 (base 8) in base 4?
-110
-6 (base 8) to base 16
-6
3 (base 14) to base 10
3
11 (base 16) to base 5
32
Convert c8 (base 13) to base 15.
ae
Convert 101000100 (base 2) to base 12.
230
20 (base 13) to base 11
24
Convert 0 (base 15) to base 13.
0
-3a (base 12) to base 4
-232
Convert 0 (base 8) to base 7.
0
What is -36 (base 7) in base 3?
-1000
Convert 10 (base 5) to base 11.
5
-48 (base 10) to base 7
-66
What is 49 (base 10) in base 6?
121
Convert 13 (base 14) to base 2.
10001
218 (base 14) to base 10
414
What is -32 (base 7) in base 6?
-35
What is 12012 (base 3) in base 14?
a0
6 (base 14) to base 13
6
What is -8 (base 13) in base 10?
-8
What is -19 (base 11) in base 10?
-20
Convert 18 (base 12) to base 11.
19
What is -22222 (base 3) in base 4?
-3302
What is 7 (base 15) in base 9?
7
Convert -152 (base 6) to base 12.
-58
What is -10 (base 8) in base 15?
-8
Convert 12 (base 5) to base 10.
7
7 (base 15) to base 2
111
-1f (base 16) to base 4
-133
76 (base 16) to base 12
9a
Convert -25 (base 11) to base 13.
-21
4 (base 15) to base 11
4
What is 340 (base 5) in base 9?
115
Convert 6 (base 8) to base 4.
12
Convert -5 (base 12) to base 15.
-5
Convert -39 (base 10) to base 4.
-213
What is 93 (base 13) in base 9?
143
-100 (base 2) to base 16
-4
What is -5 (base 7) in base 16?
-5
Convert 11 (base 16) to base 5.
32
What is 5 (base 12) in base 16?
5
What is 100 (base 3) in base 14?
9
Convert -103 (base 4) to base 6.
-31
Convert 1010 (base 3) to base 5.
110
33 (base 5) to base 10
18
What is -98 (base 14) in base 15?
-8e
What is 5 (base 15) in base 16?
5
Convert -5 (base 16) to base 7.
-5
What is 23 (base 6) in base 12?
13
-204 (base 7) to base 3
-10210
222 (base 3) to base 14
1c
Convert -11100110 (base 2) to base 11.
-19a
Convert 11 (base 3) to base 5.
4
What is -1 (base 5) in base 10?
-1
What is a (base 11) in base 4?
22
Convert -1101 (base 4) to base 2.
-1010001
-13 (base 4) to base 6
-11
Convert 2 (base 5) to base 13.
2
What is -2 (base 5) in base 13?
-2
7 (base 11) to base 12
7
0 (base 16) to base 2
0
Convert -14 (base 6) to base 5.
-20
Convert -21 (base 6) to base 3.
-111
What is 78 (base 16) in base 12?
a0
0 (base 3) to base 15
0
Convert -1 (base 6) to base 2.
-1
What is -10 (base 6) in base 7?
-6
60 (base 14) to base 9
103
What is -4a (base 12) in base 8?
-72
What is 25 (base 7) in base 2?
10011
Convert 30 (base 11) to base 5.
113
What is 110 (base 3) in base 11?
11
What is 3 (base 10) in base 5?
3
-9 (base 14) to base 9
-10
Convert 11010 (base 2) to base 4.
122
Convert 169 (base 14) to base 15.
144
What is 5 (base 16) in base 2?
101
What is -234 (base 5) in base 12?
-59
1b (base 16) to base 14
1d
Convert 111 (base 12) to base 6.
421
Convert -3 (base 4) to base 14.
-3
32 (base 7) to base 11
21
20 (base 16) to base 6
52
1020 (base 5) to base 7
252
Convert 155 (base 7) to base 2.
1011001
Convert 0 (base 11) to base 5.
0
-38 (base 10) to base 13
-2c
Convert 3 (base 8) to base 12.
3
2 (base 7) to base 16
2
What is -7 (base 8) in base 11?
-7
What is 33 (base 13) in base 4?
222
2c (base 13) to base 4
212
1 (base 16) to base 6
1
4 (base 5) to base 4
10
Convert -33 (base 10) to base 2.
-100001
22 (base 3) to base 8
10
-11020 (base 3) to base 16
-72
What is -183 (base 12) in base 5?
-1433
Convert -2 (base 3) to base 8.
-2
Convert -10 (base 14) to base 9.
-15
1 (base 14) to base 3
1
What is -2 (base 10) in base 4?
-2
-8 (base 11) to base 6
-12
What is -21 (base 6) in base 4?
-31
Convert -2 (base 7) to base 2.
-10
What is 6 (base 15) in base 6?
10
-3 (base 9) to base 2
-11
What is -14 (base 12) in base 8?
-20
Convert 7 (base 10) to base 12.
7
Convert -1041 (base 5) to base 10.
-146
113 (base 4) to base 10
23
What is -19 (base 14) in base 16?
-17
0 (base 11) to base 3
0
-12 (base 5) to base 14
-7
-4 (base 14) to base 16
-4
Convert 43 (base 12) to base 14.
39
What is 8 (base 10) in base 11?
8
What is -201 (base 4) in base 15?
-23
Convert -13 (base 7) to base 6.
-14
Convert 0 (base 13) to base 10.
0
What is 14 (base 15) in base 16?
13
Convert -101 (base 6) to base 8.
-45
What is 5 (base 13) in base 15?
5
Convert 21 (base 7) to base 5.
30
Convert -2 (base 9) to base 6.
-2
Convert -10223 (base 4) to base 5.
-2144
What is -3 (base 16) in base 11?
-3
Convert -3 (base 14) to base 8.
-3
What is -21 (base 3) in base 13?
-7
Convert -2 (base 16) to base 10.
-2
What is 27 (base 8) in base 16?
17
-6 (base 16) to base 11
-6
What is -43 (base 7) in base 4?
-133
What is -311 (base 6) in base 10?
-115
Convert 4 (base 14) to base 13.
4
-42 (base 10) to base 13
-33
What is -110100111 (base 2) in base 4?
-12213
Convert -2 (base 8) to base 13.
-2
Convert 2 (base 16) to base 4.
2
What is 206 (base 7) in base 12?
88
What is 130 (base 5) in base 7?
55
Convert -4 (base 15) to base 12.
-4
-2 (base 13) to base 5
-2
-1020 (base 3) to base 15
-23
Convert -3a (base 11) to base 12.
-37
Convert 33 (base 12) to base 14.
2b
223 (base 4) to base 16
2b
What is -25 (base 10) in base 4?
-121
Convert -7b (base 16) to base 10.
-123
What is 0 (base 11) in base 2?
0
Convert 60 (base 9) to base 2.
110110
Convert -4 (base 11) to base 9.
-4
-147 (base 8) to base 16
-67
5 (base 10) to base 5
10
1 (base 16) to base 10
1
What is -1 (base 5) in base 3?
-1
What is -2 (base 8) in base 13?
-2
330 (base 6) to base 11
105
54 (base 7) to base 4
213
Convert -2010 (base 3) to base 7.
-111
-4 (base 7) to base 12
-4
What is 134 (base 11) in base 9?
185
What is f5 (base 16) in base 4?
3311
Convert -2 (base 9) to base 7.
-2
Convert a (base 15) to base 9.
11
What is 0 (base 14) in base 2?
0
What is 10020 (base 3) in base 14?
63
What is -b (base 13) in base 11?
-10
2323 (base 5) to base 6
1322
-4 (base 9) to base 5
-4
Convert -5 (base 12) to base 9.
-5
What is -124 (base 14) in base 5?
-1403
11011001 (base 2) to base 6
1001
Convert 242 (base 11) to base 10.
288
5 (base 9) to base 5
10
-2 (